se 9, what is 4 - -1105878?
1105883
In base 7, what is -3400415 - 34?
-3400452
In base 8, what is -15 - -7660201?
7660164
In base 16, what is -2bf14ec8 - 5?
-2bf14ecd
In base 2, what is 1101111100 - -101101001000100?
101110111000000
In base 9, what is 108682 + -34?
108647
In base 14, what is -133d - -19d96?
18a57
In base 5, what is -1322 + -1121243022?
-1121244344
In base 14, what is -2 - -40d628?
40d626
In base 14, what is -492ca5 + -c?
-492cb3
In base 5, what is -33312 + -1233043?
-1321410
In base 8, what is 7 + 44300555?
44300564
In base 3, what is -12 + -12211001102000?
-12211001102012
In base 15, what is -c - 643296?
-6432a3
In base 5, what is 10302203411 - -4?
10302203420
In base 10, what is -17 - 24975?
-24992
In base 9, what is -364 + -40313?
-40677
In base 4, what is -22 - -31113303?
31113221
In base 16, what is -4 + -5a3904?
-5a3908
In base 2, what is 1101011111101000010 - 110111?
1101011111100001011
In base 10, what is -16 - 82953?
-82969
In base 14, what is -d953 + -118?
-da6b
In base 6, what is 30000 + 403212?
433212
In base 5, what is 40441002 + -21?
40440431
In base 4, what is -213 + 2302213330?
2302213111
In base 12, what is -5134 + 295?
-4a5b
In base 13, what is -1862 - -b9?
-1776
In base 13, what is 16288b + 4?
162892
In base 10, what is -3 - 164766753?
-164766756
In base 8, what is 26111 + -12050?
14041
In base 7, what is -1610634530 - 2?
-1610634532
In base 7, what is 150430 - 1611?
145516
In base 10, what is 5 + 670714?
670719
In base 11, what is 11 - 211370a?
-21136a9
In base 8, what is 3025213 + 43?
3025256
In base 7, what is -3434015 + 4?
-3434011
In base 3, what is 21 + 112010002020222?
112010002021020
In base 8, what is 43633110 + 14?
43633124
In base 10, what is 46 + 196934?
196980
In base 9, what is -386550 - -32?
-386517
In base 13, what is 1 - 8a98b?
-8a98a
In base 10, what is -1010 - 3190?
-4200
In base 4, what is 2 + 223330313102?
223330313110
In base 15, what is -6 + -4e7c2e?
-4e7c35
In base 12, what is 77398 + -6?
77392
In base 7, what is 45 - 13244234?
-13244156
In base 13, what is 5 + -38b07?
-38b02
In base 15, what is 71b7a6e + 1?
71b7a70
In base 11, what is 46234 - -136?
4636a
In base 5, what is -104 - -10304?
10200
In base 11, what is -4 - 47a3504?
-47a3508
In base 12, what is 623052 + -168?
622aa6
In base 8, what is 435030475 + -5?
435030470
In base 4, what is 31002 + 3003020?
3100022
In base 7, what is -11245646 + -116?
-11246065
In base 8, what is 4031 - 2676?
1133
In base 7, what is 12 + 240466546?
240466561
In base 5, what is 11441 + 123114?
140110
In base 10, what is 103 - 363151?
-363048
In base 11, what is -49a + 590a8?
58709
In base 12, what is -4 - -4736750?
4736748
In base 2, what is -10111101010111 + -10000101000000?
-101000010010111
In base 16, what is -2ee1 - 53fb?
-82dc
In base 10, what is -103907543 - -3?
-103907540
In base 14, what is -1221 + -1690?
-28b1
In base 15, what is -1 + a3853?
a3852
In base 3, what is 10211111 - -20121102?
101102220
In base 4, what is -12310101101 + 33?
-12310101002
In base 14, what is -1d3 - 2a77b?
-2a970
In base 11, what is 3 + 1536830?
1536833
In base 13, what is -43b - -1c6c39?
1c67cb
In base 8, what is 225324412 - 14?
225324376
In base 10, what is 1 - -51891427?
51891428
In base 16, what is -4cd45 + -11?
-4cd56
In base 3, what is -101012200 - -2122011120?
2020221220
In base 4, what is 1 - 2233121001?
-2233121000
In base 11, what is -4 - 6527826?
-652782a
In base 6, what is -4 - 1101453055?
-1101453103
In base 12, what is 6b33 + 39ab?
a922
In base 14, what is 7cd1 + 4d8?
83c9
In base 13, what is 182a3 - -3b?
18311
In base 12, what is 770171 + -293?
76ba9a
In base 10, what is -70153999 - -4?
-70153995
In base 7, what is 1332 + 115?
1450
In base 3, what is -11 - 122211102210100?
-122211102210111
In base 12, what is 155a - 2395?
-a37
In base 16, what is c - ba9fe?
-ba9f2
In base 11, what is -62 - -581184?
581122
In base 3, what is 21 - 11010200101222?
-11010200101201
In base 7, what is 240 + -103066622?
-103066352
In base 12, what is -48b423 + 4?
-48b41b
In base 14, what is -4648 + 22c2?
-2366
In base 3, what is 10110 - -121020202010?
121020212120
In base 13, what is 16b00a59 - -4?
16b00a60
In base 5, what is 1311014101 + -1?
1311014100
In base 5, what is -224410 - -14220?
-210140
In base 6, what is -3501 + -25242?
-33143
In base 4, what is -2200 + 103313230?
103311030
In base 7, what is -405340224 + -5?
-405340232
In base 3, what is 2102 + 110122211121212?
110122211201021
In base 5, what is -3431 + 2304033?
2300102
In base 10, what is 4 + 31678082?
31678086
In base 14, what is 59d5765 + -5?
59d5760
In base 5, what is -1030412001212 - 0?
-1030412001212
In base 6, what is 4012220034 + 3?
4012220041
In base 9, what is -310 - -17434?
17124
In base 12, what is 102 + -13812?
-13710
In base 14, what is -2 + -865771?
-865773
In base 11, what is 6703 - 28a65?
-22362
In base 4, what is 332 - -1110110220200?
1110110221132
In base 9, what is 0 - -266811771?
266811771
In base 12, what is 2 + 9b80a5?
9b80a7
In base 13, what is -1432b22 - -5?
-1432b1a
In base 11, what is -85685 - 170?
-85845
In base 2, what is -10001 - -1101110100010001?
1101110100000000
In base 14, what is 5 - dcd22b?
-dcd226
In base 5, what is 4 + 1100434333?
1100434342
In base 5, what is 34442 + -24112?
10330
In base 16, what is -1d - -21af1b?
21aefe
In base 5, what is 14 + 234342401?
234342420
In base 7, what is -22310 + -21312?
-43622
In base 5, what is -20332 - 12230042?
-12300424
In base 12, what is 2371 + -557?
1a16
In base 5, what is -3 - -1122131044?
1122131041
In base 10, what is 5269804 + -360?
5269444
In base 8, what is 400001 - 15544?
362235
In base 15, what is 5dbe7b - 2?
5dbe79
In base 13, what is b48 - 1818?
-9a0
In base 6, what is -10 - 11501350?
-11501400
In base 3, what is 222011002101 + -2112112?
222001112212
In base 6, what is 1 + -35324351?
-35324350
In base 10, what is -9 + -8211424?
-8211433
In base 2, what is 1 - -1001000110001111110011100?
1001000110001111110011101
In base 8, what is 4 + -477516527?
-477516523
In base 14, what is 8 - -b85dd?
b8607
In base 10, what is 35 + 641825?
641860
In base 6, what is -25215 - 12310?
-41525
In base 15, what is 1a - -961126?
961141
In base 3, what is -121010 - -21201002?
21002222
In base 6, what is -114013010 - -21?
-114012545
In base 6, what is -2023353224 + 5?
-2023353215
In base 6, what is -111220 + 44200?
-23020
In base 9, what is -2 + 460181007?
460181005
In base 15, what is -7 + -45c96?
-45c9d
In base 13, what is c6547 + -14?
c6533
In base 16, what is 6c912e - -11?
6c913f
In base 15, what is -2 - -4049ce0?
4049cdd
In base 10, what is 6841 - 2583?
4258
In base 5, what is -1434404 + 144400?
-1240004
In base 9, what is -31 - 33703?
-33734
In base 15, what is -407d056 - -1?
-407d055
In base 9, what is -21076484 - 0?
-21076484
In base 7, what is 5 + 4525102122?
4525102130
In base 11, what is -444089 - 28?
-444106
In base 7, what is 1253311320 - -5?
1253311325
In base 5, what is -324340 - 433?
-330323
In base 4, what is -1310133130 + 130?
-1310133000
In base 14, what is 5c - -2b71a?
2b778
In base 13, what is 23131a9 + -2?
23131a7
In base 7, what is -2145445 - -134?
-2145311
In base 14, what is -2 + 6b930?
6b92c
In base 6, what is -112135144 + 2?
-112135142
In base 4, what is -11 + -21320230023?
-21320230100
In base 9, what is 242 + 260307?
260550
In base 14, what is -23007 - 71?
-23078
In base 14, what is -428 - -4000?
39b6
In base 16, what is 6e2b8cb + -c?
6e2b8bf
In base 11, what is -11167417 - 0?
-11167417
In base 15, what is 88 - 118351?
-1182b8
In base 15, what is -42 + -94e16?
-94e58
In base 10, what is -7 + -5786616?
-5786623
In base 5, what is 0 + 114340242223?
114340242223
In base 3, what is -2200 + 12112212021211?
12112212012011
In base 12, what is 13b81 - -9a20?
219a1
In base 7, what is 3 + 16101626?
16101632
In base 6, what is -5424 + 12432?
3004
In base 3, what is 20 + -1212220000220?
-1212220000200
In base 7, what is 204425 - -12023?
216451
In base 16, what is -4bb7 - d2fd?
-11eb4
In base 15, what is -9 + -57351?
-5735a
In base 6, what is 1050501 + 123?
1051024
In base 15, what is 5a4048d + -6?
5a40487
In base 2, what is -10 + -11010000011010001000001?
-11010000011010001000011
In base 12, what is -36b91 + -2b52?
-39b23
In base